
{"id":6,"date":"2013-09-26T18:23:48","date_gmt":"2013-09-26T16:23:48","guid":{"rendered":"http:\/\/www.urban-stiftung.de\/?page_id=6"},"modified":"2020-02-17T11:25:50","modified_gmt":"2020-02-17T09:25:50","slug":"startseite","status":"publish","type":"page","link":"https:\/\/www.urban-stiftung.de\/","title":{"rendered":"Urban-Stiftung"},"content":{"rendered":"\n<p><strong>Unterst\u00fctzung, Hilfe und Betreuung von Kindern<\/strong><\/p>\n\n\n\n<p>Die D. und H. Urban-Stiftung wurde 1999 von Dorthea und Horst W. Urban in Hannover gegr\u00fcndet. Sie wird von Dorothea Urban mit Beiratsmitgliedern geleitet. Aufgabe und Zweck der D. und H. Urban-Stiftung ist es Kinder zu unterst\u00fctzen, ihnen zu helfen und f\u00fcr eine gute Betreuung zu sorgen.&nbsp;<\/p>\n\n\n\n<p>Kindern im In- und Ausland wird direkt oder durch Unterst\u00fctzung privater bzw. \u00f6ffentlicher Institutionen geholfen, Notsituationen zu \u00fcberwinden und eine Basis f\u00fcr ein gesundes und selbst\u00e4ndiges Leben zu finden. Die Projekte sind vielf\u00e4ltig, aber das Ziel, f\u00fcr das Wohl von Kindern zu sorgen, eint sie. Auf diese Weise soll der jungen Generation weitergegeben werden, was die Stifter w\u00e4hrend ihres Lebens geschaffen haben.&nbsp;<\/p>\n\n\n\n<p>Die D. und H. Urban-Stiftung will das daf\u00fcr notwendige finanzielle Fundament bereitstellen, auch \u00fcber den Tod ihrer Gr\u00fcnder hinaus.<\/p>\n","protected":false},"excerpt":{"rendered":"<p>Unterst\u00fctzung, Hilfe und Betreuung von Kindern Die D. und H. Urban-Stiftung wurde 1999 von Dorthea und Horst W. Urban in Hannover gegr\u00fcndet. Sie wird von Dorothea Urban mit Beiratsmitgliedern geleitet. Aufgabe und Zweck der D. und H. Urban-Stiftung ist es Kinder zu unterst\u00fctzen, ihnen zu helfen und f\u00fcr eine gute Betreuung zu sorgen.&nbsp; Kindern im&#8230; <\/p>\n","protected":false},"author":3,"featured_media":0,"parent":0,"menu_order":10,"comment_status":"closed","ping_status":"open","template":"page-home.php","meta":{"footnotes":""},"class_list":["post-6","page","type-page","status-publish","hentry"],"_links":{"self":[{"href":"https:\/\/www.urban-stiftung.de\/index.php?rest_route=\/wp\/v2\/pages\/6","targetHints":{"allow":["GET"]}}],"collection":[{"href":"https:\/\/www.urban-stiftung.de\/index.php?rest_route=\/wp\/v2\/pages"}],"about":[{"href":"https:\/\/www.urban-stiftung.de\/index.php?rest_route=\/wp\/v2\/types\/page"}],"author":[{"embeddable":true,"href":"https:\/\/www.urban-stiftung.de\/index.php?rest_route=\/wp\/v2\/users\/3"}],"replies":[{"embeddable":true,"href":"https:\/\/www.urban-stiftung.de\/index.php?rest_route=%2Fwp%2Fv2%2Fcomments&post=6"}],"version-history":[{"count":8,"href":"https:\/\/www.urban-stiftung.de\/index.php?rest_route=\/wp\/v2\/pages\/6\/revisions"}],"predecessor-version":[{"id":435,"href":"https:\/\/www.urban-stiftung.de\/index.php?rest_route=\/wp\/v2\/pages\/6\/revisions\/435"}],"wp:attachment":[{"href":"https:\/\/www.urban-stiftung.de\/index.php?rest_route=%2Fwp%2Fv2%2Fmedia&parent=6"}],"curies":[{"name":"wp","href":"https:\/\/api.w.org\/{rel}","templated":true}]}}