
{"id":16,"date":"2013-09-26T18:28:36","date_gmt":"2013-09-26T16:28:36","guid":{"rendered":"http:\/\/www.urban-stiftung.de\/?page_id=16"},"modified":"2026-01-13T18:21:28","modified_gmt":"2026-01-13T16:21:28","slug":"stiftung","status":"publish","type":"page","link":"https:\/\/www.urban-stiftung.de\/?page_id=16","title":{"rendered":"Stiftung"},"content":{"rendered":"<p>Die D. und H. Urban-Stiftung wurde 1999 von Dorthea und Horst W. Urban in Hannover gegr\u00fcndet. Sie wird von Dorothea Urban mit Beiratsmitgliedern geleitet. Aufgabe und Zweck der D. und H. Urban-Stiftung ist es, Kinder zu unterst\u00fctzen, ihnen zu helfen und f\u00fcr gute Betreuung zu sorgen. Dabei konzentrieren wir uns darauf, Kindern im In- und Ausland direkt oder durch Unterst\u00fctzung privater bzw. \u00f6ffentlicher Institutionen zu helfen, Notsituationen zu \u00fcberwinden und die Basis f\u00fcr ein gesundes und selbst\u00e4ndiges Leben zu finden. Die Projekte sind vielf\u00e4ltig, aber das Ziel, f\u00fcr das Wohl von Kindern zu sorgen, eint sie. Auf diese Weise soll der jungen Generation weiter gegeben werden, was die Stifter w\u00e4hrend ihres Lebens geschaffen haben. Die Stiftung soll das daf\u00fcr notwendige finanzielle Fundament bereitstellen, auch f\u00fcr die Zeit nach dem Tod ihrer Gr\u00fcnder.<\/p>\n<p><a title=\"Spenden\" href=\"https:\/\/www.urban-stiftung.de\/?page_id=18\">Ihre Spende hilft \u00bb<\/a><\/p>\n","protected":false},"excerpt":{"rendered":"<p>Die D. und H. Urban-Stiftung wurde 1999 von Dorthea und Horst W. Urban in Hannover gegr\u00fcndet. Sie wird von Dorothea Urban mit Beiratsmitgliedern geleitet. Aufgabe und Zweck der D. und H. Urban-Stiftung ist es, Kinder zu unterst\u00fctzen, ihnen zu helfen und f\u00fcr gute Betreuung zu sorgen. Dabei konzentrieren wir uns darauf, Kindern im In- und&#8230; <\/p>\n","protected":false},"author":3,"featured_media":0,"parent":0,"menu_order":30,"comment_status":"closed","ping_status":"open","template":"","meta":{"footnotes":""},"class_list":["post-16","page","type-page","status-publish","hentry"],"_links":{"self":[{"href":"https:\/\/www.urban-stiftung.de\/index.php?rest_route=\/wp\/v2\/pages\/16","targetHints":{"allow":["GET"]}}],"collection":[{"href":"https:\/\/www.urban-stiftung.de\/index.php?rest_route=\/wp\/v2\/pages"}],"about":[{"href":"https:\/\/www.urban-stiftung.de\/index.php?rest_route=\/wp\/v2\/types\/page"}],"author":[{"embeddable":true,"href":"https:\/\/www.urban-stiftung.de\/index.php?rest_route=\/wp\/v2\/users\/3"}],"replies":[{"embeddable":true,"href":"https:\/\/www.urban-stiftung.de\/index.php?rest_route=%2Fwp%2Fv2%2Fcomments&post=16"}],"version-history":[{"count":8,"href":"https:\/\/www.urban-stiftung.de\/index.php?rest_route=\/wp\/v2\/pages\/16\/revisions"}],"predecessor-version":[{"id":541,"href":"https:\/\/www.urban-stiftung.de\/index.php?rest_route=\/wp\/v2\/pages\/16\/revisions\/541"}],"wp:attachment":[{"href":"https:\/\/www.urban-stiftung.de\/index.php?rest_route=%2Fwp%2Fv2%2Fmedia&parent=16"}],"curies":[{"name":"wp","href":"https:\/\/api.w.org\/{rel}","templated":true}]}}