
{"id":113,"date":"2013-11-11T18:48:53","date_gmt":"2013-11-11T16:48:53","guid":{"rendered":"http:\/\/www.urban-stiftung.de\/?page_id=113"},"modified":"2020-02-17T12:15:40","modified_gmt":"2020-02-17T10:15:40","slug":"kinderschutzhaus-mattisburg-hannover","status":"publish","type":"page","link":"https:\/\/www.urban-stiftung.de\/?page_id=113","title":{"rendered":"Kinderschutzhaus KID, Hannover"},"content":{"rendered":"<p>Im Kinderschutzhaus KID in Hannover werden traumatisierte und gewaltgesch\u00e4digte Kinder aufgefangen und liebevoll Betreut. Die Kinder im Alter von vier bis elf Jahren werden hier sechs bis 24 Monate intensiv betreut auf ihrem Weg in die Zukunft begleitet. Daf\u00fcr sind erfahrene Therapeuten und der parit\u00e4tische Tr\u00e4ger \u201eBethel im Norden\u201c verantwortlich. In der Regel sind die Kleinen zwischen neun und zw\u00f6lf Monate im Schutzhaus.<\/p>\n<p>Wir arbeiten bei diesem Projekt eng mit der Stiftung \u201e<a href=\"https:\/\/epfk.org\">Ein Platz f\u00fcr Kinder<\/a>\u201c zusammen, die den Umbau eines bereits vorhanden Geb\u00e4udes auf die Belange eines Schutzhauses finanziert hat und Ferienprogramme wie Mal- und Reittherapien sowie Renovierungs- und Erhaltungsma\u00dfnahmen unterst\u00fctzt und organisiert.<\/p>\n<h3>Bildergalerie<\/h3>\n<p>Klicken Sie auf ein Bild, um es zu vergr\u00f6\u00dfern:<\/p>\n\n\t\t<style type=\"text\/css\">\n\t\t\t#gallery-1 {\n\t\t\t\tmargin: auto;\n\t\t\t}\n\t\t\t#gallery-1 .gallery-item {\n\t\t\t\tfloat: left;\n\t\t\t\tmargin-top: 10px;\n\t\t\t\ttext-align: center;\n\t\t\t\twidth: 50%;\n\t\t\t}\n\t\t\t#gallery-1 img {\n\t\t\t\tborder: 2px solid #cfcfcf;\n\t\t\t}\n\t\t\t#gallery-1 .gallery-caption {\n\t\t\t\tmargin-left: 0;\n\t\t\t}\n\t\t\t\/* see gallery_shortcode() in wp-includes\/media.php *\/\n\t\t<\/style>\n\t\t<div id='gallery-1' class='gallery galleryid-113 gallery-columns-2 gallery-size-thumbnail'><dl class='gallery-item'>\n\t\t\t<dt class='gallery-icon landscape'>\n\t\t\t\t<a href='https:\/\/www.urban-stiftung.de\/wp-content\/uploads\/2020\/02\/img_1009-kopie-3.jpg'><img loading=\"lazy\" decoding=\"async\" width=\"300\" height=\"300\" src=\"https:\/\/www.urban-stiftung.de\/wp-content\/uploads\/2020\/02\/img_1009-kopie-3-300x300.jpg\" class=\"attachment-thumbnail size-thumbnail\" alt=\"\" \/><\/a>\n\t\t\t<\/dt><\/dl><dl class='gallery-item'>\n\t\t\t<dt class='gallery-icon landscape'>\n\t\t\t\t<a href='https:\/\/www.urban-stiftung.de\/wp-content\/uploads\/2020\/02\/20092406traumatisiertekinder_21-scaled.jpg'><img loading=\"lazy\" decoding=\"async\" width=\"300\" height=\"300\" src=\"https:\/\/www.urban-stiftung.de\/wp-content\/uploads\/2020\/02\/20092406traumatisiertekinder_21-300x300.jpg\" class=\"attachment-thumbnail size-thumbnail\" alt=\"\" aria-describedby=\"gallery-1-481\" \/><\/a>\n\t\t\t<\/dt>\n\t\t\t\t<dd class='wp-caption-text gallery-caption' id='gallery-1-481'>\n\t\t\t\t(Foto\/Uwe Dillenberg)\n\t\t\t\t<\/dd><\/dl><br style=\"clear: both\" \/><dl class='gallery-item'>\n\t\t\t<dt class='gallery-icon landscape'>\n\t\t\t\t<a href='https:\/\/www.urban-stiftung.de\/wp-content\/uploads\/2020\/02\/grosserraum-scaled.jpg'><img loading=\"lazy\" decoding=\"async\" width=\"300\" height=\"300\" src=\"https:\/\/www.urban-stiftung.de\/wp-content\/uploads\/2020\/02\/grosserraum-300x300.jpg\" class=\"attachment-thumbnail size-thumbnail\" alt=\"\" aria-describedby=\"gallery-1-482\" \/><\/a>\n\t\t\t<\/dt>\n\t\t\t\t<dd class='wp-caption-text gallery-caption' id='gallery-1-482'>\n\t\t\t\tFoto: HENNING SCHEFFEN PHOTOGRAPHY\nMOBIL: 01773193050\nWWW.SCHEFFEN.DE\ninfo@SCHEFFEN.DE\n\nFriedrich-Engels-Str. 31\n30880 Laatzen \nRegion Hannover \/ Niedersachsen \/ GERMANY\n\t\t\t\t<\/dd><\/dl><dl class='gallery-item'>\n\t\t\t<dt class='gallery-icon landscape'>\n\t\t\t\t<a href='https:\/\/www.urban-stiftung.de\/wp-content\/uploads\/2013\/11\/20131017_104534.jpg'><img loading=\"lazy\" decoding=\"async\" width=\"300\" height=\"300\" src=\"https:\/\/www.urban-stiftung.de\/wp-content\/uploads\/2013\/11\/20131017_104534-300x300.jpg\" class=\"attachment-thumbnail size-thumbnail\" alt=\"\" srcset=\"https:\/\/www.urban-stiftung.de\/wp-content\/uploads\/2013\/11\/20131017_104534-300x300.jpg 300w, https:\/\/www.urban-stiftung.de\/wp-content\/uploads\/2013\/11\/20131017_104534-150x150.jpg 150w, https:\/\/www.urban-stiftung.de\/wp-content\/uploads\/2013\/11\/20131017_104534-130x130.jpg 130w, https:\/\/www.urban-stiftung.de\/wp-content\/uploads\/2013\/11\/20131017_104534-400x400.jpg 400w\" sizes=\"auto, (max-width: 300px) 100vw, 300px\" \/><\/a>\n\t\t\t<\/dt><\/dl><br style=\"clear: both\" \/><dl class='gallery-item'>\n\t\t\t<dt class='gallery-icon landscape'>\n\t\t\t\t<a href='https:\/\/www.urban-stiftung.de\/wp-content\/uploads\/2020\/02\/img_1016-kopie-4.jpg'><img loading=\"lazy\" decoding=\"async\" width=\"300\" height=\"300\" src=\"https:\/\/www.urban-stiftung.de\/wp-content\/uploads\/2020\/02\/img_1016-kopie-4-300x300.jpg\" class=\"attachment-thumbnail size-thumbnail\" alt=\"\" \/><\/a>\n\t\t\t<\/dt><\/dl><dl class='gallery-item'>\n\t\t\t<dt class='gallery-icon landscape'>\n\t\t\t\t<a href='https:\/\/www.urban-stiftung.de\/wp-content\/uploads\/2020\/02\/img_1020-kopie-3.jpg'><img loading=\"lazy\" decoding=\"async\" width=\"300\" height=\"300\" src=\"https:\/\/www.urban-stiftung.de\/wp-content\/uploads\/2020\/02\/img_1020-kopie-3-300x300.jpg\" class=\"attachment-thumbnail size-thumbnail\" alt=\"\" \/><\/a>\n\t\t\t<\/dt><\/dl><br style=\"clear: both\" \/><dl class='gallery-item'>\n\t\t\t<dt class='gallery-icon landscape'>\n\t\t\t\t<a href='https:\/\/www.urban-stiftung.de\/wp-content\/uploads\/2020\/02\/13-kopie-3-scaled.jpg'><img loading=\"lazy\" decoding=\"async\" width=\"300\" height=\"300\" src=\"https:\/\/www.urban-stiftung.de\/wp-content\/uploads\/2020\/02\/13-kopie-3-300x300.jpg\" class=\"attachment-thumbnail size-thumbnail\" alt=\"\" \/><\/a>\n\t\t\t<\/dt><\/dl><dl class='gallery-item'>\n\t\t\t<dt class='gallery-icon landscape'>\n\t\t\t\t<a href='https:\/\/www.urban-stiftung.de\/wp-content\/uploads\/2020\/02\/17-kopie-3.jpg'><img loading=\"lazy\" decoding=\"async\" width=\"300\" height=\"300\" src=\"https:\/\/www.urban-stiftung.de\/wp-content\/uploads\/2020\/02\/17-kopie-3-300x300.jpg\" class=\"attachment-thumbnail size-thumbnail\" alt=\"\" \/><\/a>\n\t\t\t<\/dt><\/dl><br style=\"clear: both\" \/><dl class='gallery-item'>\n\t\t\t<dt class='gallery-icon landscape'>\n\t\t\t\t<a href='https:\/\/www.urban-stiftung.de\/wp-content\/uploads\/2020\/02\/hundekoerpchen-scaled.jpg'><img loading=\"lazy\" decoding=\"async\" width=\"300\" height=\"300\" src=\"https:\/\/www.urban-stiftung.de\/wp-content\/uploads\/2020\/02\/hundekoerpchen-300x300.jpg\" class=\"attachment-thumbnail size-thumbnail\" alt=\"\" aria-describedby=\"gallery-1-483\" \/><\/a>\n\t\t\t<\/dt>\n\t\t\t\t<dd class='wp-caption-text gallery-caption' id='gallery-1-483'>\n\t\t\t\t\nFoto: HENNING SCHEFFEN PHOTOGRAPHY\n\n\n\n\n\t\t\t\t<\/dd><\/dl>\n\t\t\t<br style='clear: both' \/>\n\t\t<\/div>\n\n","protected":false},"excerpt":{"rendered":"<p>Im Kinderschutzhaus KID in Hannover werden traumatisierte und gewaltgesch\u00e4digte Kinder aufgefangen und liebevoll Betreut. Die Kinder im Alter von vier bis elf Jahren werden hier sechs bis 24 Monate intensiv betreut auf ihrem Weg in die Zukunft begleitet. Daf\u00fcr sind erfahrene Therapeuten und der parit\u00e4tische Tr\u00e4ger \u201eBethel im Norden\u201c verantwortlich. In der Regel sind die&#8230; <\/p>\n","protected":false},"author":3,"featured_media":0,"parent":8,"menu_order":0,"comment_status":"closed","ping_status":"open","template":"","meta":{"footnotes":""},"class_list":["post-113","page","type-page","status-publish","hentry"],"_links":{"self":[{"href":"https:\/\/www.urban-stiftung.de\/index.php?rest_route=\/wp\/v2\/pages\/113","targetHints":{"allow":["GET"]}}],"collection":[{"href":"https:\/\/www.urban-stiftung.de\/index.php?rest_route=\/wp\/v2\/pages"}],"about":[{"href":"https:\/\/www.urban-stiftung.de\/index.php?rest_route=\/wp\/v2\/types\/page"}],"author":[{"embeddable":true,"href":"https:\/\/www.urban-stiftung.de\/index.php?rest_route=\/wp\/v2\/users\/3"}],"replies":[{"embeddable":true,"href":"https:\/\/www.urban-stiftung.de\/index.php?rest_route=%2Fwp%2Fv2%2Fcomments&post=113"}],"version-history":[{"count":15,"href":"https:\/\/www.urban-stiftung.de\/index.php?rest_route=\/wp\/v2\/pages\/113\/revisions"}],"predecessor-version":[{"id":484,"href":"https:\/\/www.urban-stiftung.de\/index.php?rest_route=\/wp\/v2\/pages\/113\/revisions\/484"}],"up":[{"embeddable":true,"href":"https:\/\/www.urban-stiftung.de\/index.php?rest_route=\/wp\/v2\/pages\/8"}],"wp:attachment":[{"href":"https:\/\/www.urban-stiftung.de\/index.php?rest_route=%2Fwp%2Fv2%2Fmedia&parent=113"}],"curies":[{"name":"wp","href":"https:\/\/api.w.org\/{rel}","templated":true}]}}

<p>Im Kinderschutzhaus KID in Hannover werden traumatisierte und gewaltgeschädigte Kinder aufgefangen und liebevoll Betreut. Die Kinder im Alter von vier bis elf Jahren werden hier sechs bis 24 Monate intensiv betreut auf ihrem Weg in die Zukunft begleitet. Dafür sind erfahrene Therapeuten und der paritätische Träger „Bethel im Norden“ verantwortlich. In der Regel sind die Kleinen zwischen neun und zwölf Monate im Schutzhaus.</p>
<p>Wir arbeiten bei diesem Projekt eng mit der Stiftung „<a href="https://epfk.org">Ein Platz für Kinder</a>“ zusammen, die den Umbau eines bereits vorhanden Gebäudes auf die Belange eines Schutzhauses finanziert hat und Ferienprogramme wie Mal- und Reittherapien sowie Renovierungs- und Erhaltungsmaßnahmen unterstützt und organisiert.</p>
<h3>Bildergalerie</h3>
<p>Klicken Sie auf ein Bild, um es zu vergrößern:</p>

		<style type="text/css">
			#gallery-1 {
				margin: auto;
			}
			#gallery-1 .gallery-item {
				float: left;
				margin-top: 10px;
				text-align: center;
				width: 50%;
			}
			#gallery-1 img {
				border: 2px solid #cfcfcf;
			}
			#gallery-1 .gallery-caption {
				margin-left: 0;
			}
			/* see gallery_shortcode() in wp-includes/media.php */
		</style>
		<div id='gallery-1' class='gallery galleryid-113 gallery-columns-2 gallery-size-thumbnail'><dl class='gallery-item'>
			<dt class='gallery-icon landscape'>
				<a href='https://www.urban-stiftung.de/wp-content/uploads/2020/02/img_1009-kopie-3.jpg'><img loading="lazy" decoding="async" width="300" height="300" src="https://www.urban-stiftung.de/wp-content/uploads/2020/02/img_1009-kopie-3-300x300.jpg" class="attachment-thumbnail size-thumbnail" alt="" /></a>
			</dt></dl><dl class='gallery-item'>
			<dt class='gallery-icon landscape'>
				<a href='https://www.urban-stiftung.de/wp-content/uploads/2020/02/20092406traumatisiertekinder_21-scaled.jpg'><img loading="lazy" decoding="async" width="300" height="300" src="https://www.urban-stiftung.de/wp-content/uploads/2020/02/20092406traumatisiertekinder_21-300x300.jpg" class="attachment-thumbnail size-thumbnail" alt="" aria-describedby="gallery-1-481" /></a>
			</dt>
				<dd class='wp-caption-text gallery-caption' id='gallery-1-481'>
				(Foto/Uwe Dillenberg)
				</dd></dl><br style="clear: both" /><dl class='gallery-item'>
			<dt class='gallery-icon landscape'>
				<a href='https://www.urban-stiftung.de/wp-content/uploads/2020/02/grosserraum-scaled.jpg'><img loading="lazy" decoding="async" width="300" height="300" src="https://www.urban-stiftung.de/wp-content/uploads/2020/02/grosserraum-300x300.jpg" class="attachment-thumbnail size-thumbnail" alt="" aria-describedby="gallery-1-482" /></a>
			</dt>
				<dd class='wp-caption-text gallery-caption' id='gallery-1-482'>
				Foto: HENNING SCHEFFEN PHOTOGRAPHY
MOBIL: 01773193050
WWW.SCHEFFEN.DE
info@SCHEFFEN.DE

Friedrich-Engels-Str. 31
30880 Laatzen 
Region Hannover / Niedersachsen / GERMANY
				</dd></dl><dl class='gallery-item'>
			<dt class='gallery-icon landscape'>
				<a href='https://www.urban-stiftung.de/wp-content/uploads/2013/11/20131017_104534.jpg'><img loading="lazy" decoding="async" width="300" height="300" src="https://www.urban-stiftung.de/wp-content/uploads/2013/11/20131017_104534-300x300.jpg" class="attachment-thumbnail size-thumbnail" alt="" srcset="https://www.urban-stiftung.de/wp-content/uploads/2013/11/20131017_104534-300x300.jpg 300w, https://www.urban-stiftung.de/wp-content/uploads/2013/11/20131017_104534-150x150.jpg 150w, https://www.urban-stiftung.de/wp-content/uploads/2013/11/20131017_104534-130x130.jpg 130w, https://www.urban-stiftung.de/wp-content/uploads/2013/11/20131017_104534-400x400.jpg 400w" sizes="auto, (max-width: 300px) 100vw, 300px" /></a>
			</dt></dl><br style="clear: both" /><dl class='gallery-item'>
			<dt class='gallery-icon landscape'>
				<a href='https://www.urban-stiftung.de/wp-content/uploads/2020/02/img_1016-kopie-4.jpg'><img loading="lazy" decoding="async" width="300" height="300" src="https://www.urban-stiftung.de/wp-content/uploads/2020/02/img_1016-kopie-4-300x300.jpg" class="attachment-thumbnail size-thumbnail" alt="" /></a>
			</dt></dl><dl class='gallery-item'>
			<dt class='gallery-icon landscape'>
				<a href='https://www.urban-stiftung.de/wp-content/uploads/2020/02/img_1020-kopie-3.jpg'><img loading="lazy" decoding="async" width="300" height="300" src="https://www.urban-stiftung.de/wp-content/uploads/2020/02/img_1020-kopie-3-300x300.jpg" class="attachment-thumbnail size-thumbnail" alt="" /></a>
			</dt></dl><br style="clear: both" /><dl class='gallery-item'>
			<dt class='gallery-icon landscape'>
				<a href='https://www.urban-stiftung.de/wp-content/uploads/2020/02/13-kopie-3-scaled.jpg'><img loading="lazy" decoding="async" width="300" height="300" src="https://www.urban-stiftung.de/wp-content/uploads/2020/02/13-kopie-3-300x300.jpg" class="attachment-thumbnail size-thumbnail" alt="" /></a>
			</dt></dl><dl class='gallery-item'>
			<dt class='gallery-icon landscape'>
				<a href='https://www.urban-stiftung.de/wp-content/uploads/2020/02/17-kopie-3.jpg'><img loading="lazy" decoding="async" width="300" height="300" src="https://www.urban-stiftung.de/wp-content/uploads/2020/02/17-kopie-3-300x300.jpg" class="attachment-thumbnail size-thumbnail" alt="" /></a>
			</dt></dl><br style="clear: both" /><dl class='gallery-item'>
			<dt class='gallery-icon landscape'>
				<a href='https://www.urban-stiftung.de/wp-content/uploads/2020/02/hundekoerpchen-scaled.jpg'><img loading="lazy" decoding="async" width="300" height="300" src="https://www.urban-stiftung.de/wp-content/uploads/2020/02/hundekoerpchen-300x300.jpg" class="attachment-thumbnail size-thumbnail" alt="" aria-describedby="gallery-1-483" /></a>
			</dt>
				<dd class='wp-caption-text gallery-caption' id='gallery-1-483'>
				
Foto: HENNING SCHEFFEN PHOTOGRAPHY




				</dd></dl>
			<br style='clear: both' />
		</div>

<p>Im Kinderschutzhaus KID in Hannover werden traumatisierte und gewaltgeschädigte Kinder aufgefangen und liebevoll Betreut. Die Kinder im Alter von vier bis elf Jahren werden hier sechs bis 24 Monate intensiv betreut auf ihrem Weg in die Zukunft begleitet. Dafür sind erfahrene Therapeuten und der paritätische Träger „Bethel im Norden“ verantwortlich. In der Regel sind die&#8230; </p>
